{"id":32,"date":"2015-06-09T14:43:10","date_gmt":"2015-06-09T14:43:10","guid":{"rendered":"http:\/\/impreza4.us-themes.com\/?page_id=32"},"modified":"2023-05-04T18:49:32","modified_gmt":"2023-05-04T18:49:32","slug":"etter-vegen-oppi-lia-pa-en-plass-star-det-en-utedass","status":"publish","type":"page","link":"https:\/\/utedazz.no\/","title":{"rendered":"Dazz"},"content":{"rendered":"<section class=\"l-section wpb_row height_auto width_full color_secondary with_img\"><div class=\"l-section-img\" style=\"background-image: url(https:\/\/utedazz.no\/wp-content\/uploads\/2020\/04\/skybg-1.jpg);\" data-img-width=\"200\" data-img-height=\"200\"><\/div><div class=\"l-section-h i-cf\"><div class=\"g-cols vc_row type_default valign_top\"><div class=\"vc_col-sm-12 wpb_column vc_column_container animate_afc\" style=\"animation-delay:2s;\"><div class=\"vc_column-inner\"><div class=\"wpb_wrapper\"><div id=\"ultimate-heading-207369f6e0487cf6f\" class=\"uvc-heading ult-adjust-bottom-margin ultimate-heading-207369f6e0487cf6f uvc-4786 \" data-hspacer=\"no_spacer\"  data-halign=\"center\" style=\"text-align:center\"><div class=\"uvc-heading-spacer no_spacer\" style=\"top\"><\/div><div class=\"uvc-main-heading ult-responsive\"  data-ultimate-target='.uvc-heading.ultimate-heading-207369f6e0487cf6f h1'  data-responsive-json-new='{\"font-size\":\"\",\"line-height\":\"\"}' ><h1 style=\"font-weight:normal;\">En dazz en plazz<\/h1><\/div><div class=\"uvc-sub-heading ult-responsive\"  data-ultimate-target='.uvc-heading.ultimate-heading-207369f6e0487cf6f .uvc-sub-heading '  data-responsive-json-new='{\"font-size\":\"\",\"line-height\":\"\"}'  style=\"font-weight:normal;\"><i>Etter vegen oppi lia p\u00e5 en plass, st\u00e5r det en utedass<\/i><\/div><\/div><\/div><\/div><\/div><\/div><\/div><\/section><!-- Row Backgrounds --><div class=\"upb_color\" data-bg-override=\"0\" data-bg-color=\"#fbaa64\" data-fadeout=\"\" data-fadeout-percentage=\"30\" data-parallax-content=\"\" data-parallax-content-sense=\"30\" data-row-effect-mobile-disable=\"true\" data-img-parallax-mobile-disable=\"true\" data-rtl=\"false\"  data-custom-vc-row=\"\"  data-vc=\"5.7\"  data-is_old_vc=\"\"  data-theme-support=\"\"   data-overlay=\"false\" data-overlay-color=\"\" data-overlay-pattern=\"\" data-overlay-pattern-opacity=\"\" data-overlay-pattern-size=\"\"    ><\/div><section class=\"l-section wpb_row height_medium with_img parallax_ver\"><div class=\"l-section-img\" style=\"background-image: url(https:\/\/utedazz.no\/wp-content\/uploads\/2023\/05\/borstu.jpg);background-repeat: no-repeat;\" data-img-width=\"1794\" data-img-height=\"834\"><\/div><div class=\"l-section-h i-cf\"><div class=\"g-cols vc_row type_default valign_top\"><div class=\"vc_col-sm-12 wpb_column vc_column_container\"><div class=\"vc_column-inner\"><div class=\"wpb_wrapper\"><div class=\"w-slider style_none\"><div class=\"w-slider-h\"><div class=\"royalSlider\"><div class=\"rsContent\"><a class=\"rsImg\" data-rsw=\"600\" data-rsh=\"600\" href=\"https:\/\/utedazz.no\/wp-content\/uploads\/2023\/05\/Resized_20230504_142655-e1683224875631-600x600.jpg\"><span data-alt=\"\"><\/span><\/a><\/div><div class=\"rsContent\"><a class=\"rsImg\" data-rsw=\"600\" data-rsh=\"600\" href=\"https:\/\/utedazz.no\/wp-content\/uploads\/2023\/05\/Resized_20230504_1427271-e1683225019384-600x600.jpg\"><span data-alt=\"\"><\/span><\/a><\/div><div class=\"rsContent\"><a class=\"rsImg\" data-rsw=\"600\" data-rsh=\"600\" href=\"https:\/\/utedazz.no\/wp-content\/uploads\/2023\/05\/Resized_20230504_1427461-e1683225051803-600x600.jpg\"><span data-alt=\"\"><\/span><\/a><\/div><\/div><img decoding=\"async\" src=\"https:\/\/utedazz.no\/wp-content\/uploads\/2023\/05\/Resized_20230504_142655-e1683224875631-600x600.jpg\" alt=\"\"><\/div><div class=\"w-slider-json\" onclick='return {&quot;loopRewind&quot;:true,&quot;slidesSpacing&quot;:0,&quot;imageScalePadding&quot;:0,&quot;numImagesToPreload&quot;:2,&quot;arrowsNav&quot;:false,&quot;arrowsNavAutoHide&quot;:false,&quot;transitionType&quot;:&quot;move&quot;,&quot;transitionSpeed&quot;:300,&quot;block&quot;:{&quot;moveEffect&quot;:&quot;none&quot;,&quot;speed&quot;:300},&quot;controlNavigation&quot;:&quot;none&quot;,&quot;autoplay&quot;:{&quot;enabled&quot;:true,&quot;pauseOnHover&quot;:true,&quot;delay&quot;:3000},&quot;imageScaleMode&quot;:&quot;fit-if-smaller&quot;,&quot;autoScaleSlider&quot;:true,&quot;autoScaleSliderWidth&quot;:600,&quot;autoScaleSliderHeight&quot;:600,&quot;fitInViewport&quot;:false}'><\/div><\/div>\r\n\t<div class=\"wpb_text_column \">\r\n\t\t<div class=\"wpb_wrapper\">\r\n\t\t\t<p class=\"text-align-center\" style=\"text-align: center;\"><strong><span style=\"color: #ffffff;\">Livet er for kort<\/span><\/strong><br \/>\n<strong><span style=\"color: #ffffff;\">til \u00e5 skrive langt<\/span><\/strong><br \/>\n<strong><span style=\"color: #ffffff;\">skriver du kort<\/span><\/strong><br \/>\n<strong><span style=\"color: #ffffff;\">blir det heller ikke s\u00e5 trangt<\/span><\/strong><br \/>\n<strong><span style=\"color: #ffffff;\">om plassen<\/span><\/strong><br \/>\n<strong><span style=\"color: #ffffff;\">p\u00e5 veggen p\u00e5 utedassen<\/span><\/strong><br \/>\n<strong><span style=\"color: #ffffff;\">p\u00e5 den annen side n\u00e5r du ikke ut<\/span><\/strong><br \/>\n<strong><span style=\"color: #ffffff;\">til den store publikumsmassen<\/span><\/strong><\/p>\n\r\n\t\t<\/div>\r\n\t<\/div>\r\n<\/div><\/div><\/div><\/div><\/div><\/section><!-- Row Backgrounds --><div class=\"upb_color\" data-bg-override=\"0\" data-bg-color=\"#fbaa64\" data-fadeout=\"\" data-fadeout-percentage=\"30\" data-parallax-content=\"\" data-parallax-content-sense=\"30\" data-row-effect-mobile-disable=\"true\" data-img-parallax-mobile-disable=\"true\" data-rtl=\"false\"  data-custom-vc-row=\"\"  data-vc=\"5.7\"  data-is_old_vc=\"\"  data-theme-support=\"\"   data-overlay=\"false\" data-overlay-color=\"\" data-overlay-pattern=\"\" data-overlay-pattern-opacity=\"\" data-overlay-pattern-size=\"\"    ><\/div><section class=\"l-section wpb_row height_medium\"><div class=\"l-section-h i-cf\"><div class=\"g-cols vc_row type_default valign_top\"><div class=\"vc_col-sm-12 wpb_column vc_column_container\"><div class=\"vc_column-inner\"><div class=\"wpb_wrapper\"><span id=\"creative-link-wrap-5057\" class=\"ult_main_cl ult-adjust-bottom-margin  \" >\r\n\t \t\t\t<span class=\"ult_cl_link_1  ult_crlink\" >\r\n\t\t\t\t\t<a  data-ultimate-target='#creative-link-wrap-5057 .ult_colorlink'  data-responsive-json-new='{\"font-size\":\"\",\"line-height\":\"\"}'  href=\"https:\/\/borstuvoll.no\/\" title=\"Borstuvoll\" target=\"_blank\" rel=\"noopener\"  class=\"ult_colorlink ult-responsive \" style=\"font-weight:normal;color:#2668f7; \"  data-textcolor=\"#2668f7\" data-texthover=\"#f20707\"data-style=\"Style_1\">\r\n\t\t\t\t\t\t\r\n\t\t\t\t\t\t<span data-hover=\"Borstuvoll.no\" style=\"color:#2668f7;;;\" class=\"ult_btn10_span   \">Borstuvoll.no<\/span>\r\n\t\t\t\t\t\t\r\n\t\t\t\t\t<\/a>\r\n\t\t\t\t<\/span>\r\n\t\t\t<\/span><\/div><\/div><\/div><\/div><\/div><\/section>\n","protected":false},"excerpt":{"rendered":"En dazz en plazzEtter vegen oppi lia p\u00e5 en plass, st\u00e5r det en utedass Livet er for kort til \u00e5 skrive langt skriver du kort blir det heller ikke s\u00e5 trangt om plassen p\u00e5 veggen p\u00e5 utedassen p\u00e5 den annen side n\u00e5r du ikke ut til den store publikumsmassen Borstuvoll.no","protected":false},"author":1,"featured_media":0,"parent":0,"menu_order":0,"comment_status":"open","ping_status":"closed","template":"","meta":{"_acf_changed":false,"footnotes":""},"class_list":["post-32","page","type-page","status-publish","hentry"],"acf":[],"yoast_head":"<!-- This site is optimized with the Yoast SEO plugin v27.5 - https:\/\/yoast.com\/product\/yoast-seo-wordpress\/ -->\n<title>Dazz - dass<\/title>\n<meta name=\"description\" content=\"Etter vegen oppi lia p\u00e5 en plass, st\u00e5r det en utedass\" \/>\n<meta name=\"robots\" content=\"index, follow, max-snippet:-1, max-image-preview:large, max-video-preview:-1\" \/>\n<link rel=\"canonical\" href=\"https:\/\/utedazz.no\/\" \/>\n<meta property=\"og:locale\" content=\"nb_NO\" \/>\n<meta property=\"og:type\" content=\"article\" \/>\n<meta property=\"og:title\" content=\"Dazz - dass\" \/>\n<meta property=\"og:description\" content=\"Etter vegen oppi lia p\u00e5 en plass, st\u00e5r det en utedass\" \/>\n<meta property=\"og:url\" content=\"https:\/\/utedazz.no\/\" \/>\n<meta property=\"og:site_name\" content=\"dass\" \/>\n<meta property=\"article:modified_time\" content=\"2023-05-04T18:49:32+00:00\" \/>\n<meta name=\"twitter:card\" content=\"summary_large_image\" \/>\n<meta name=\"twitter:label1\" content=\"Ansl. lesetid\" \/>\n\t<meta name=\"twitter:data1\" content=\"1 minutt\" \/>\n<script type=\"application\/ld+json\" class=\"yoast-schema-graph\">{\"@context\":\"https:\\\/\\\/schema.org\",\"@graph\":[{\"@type\":\"WebPage\",\"@id\":\"https:\\\/\\\/utedazz.no\\\/\",\"url\":\"https:\\\/\\\/utedazz.no\\\/\",\"name\":\"Dazz - dass\",\"isPartOf\":{\"@id\":\"https:\\\/\\\/utedazz.no\\\/#website\"},\"datePublished\":\"2015-06-09T14:43:10+00:00\",\"dateModified\":\"2023-05-04T18:49:32+00:00\",\"description\":\"Etter vegen oppi lia p\u00e5 en plass, st\u00e5r det en utedass\",\"breadcrumb\":{\"@id\":\"https:\\\/\\\/utedazz.no\\\/#breadcrumb\"},\"inLanguage\":\"nb-NO\",\"potentialAction\":[{\"@type\":\"ReadAction\",\"target\":[\"https:\\\/\\\/utedazz.no\\\/\"]}]},{\"@type\":\"BreadcrumbList\",\"@id\":\"https:\\\/\\\/utedazz.no\\\/#breadcrumb\",\"itemListElement\":[{\"@type\":\"ListItem\",\"position\":1,\"name\":\"Hjem\",\"item\":\"https:\\\/\\\/utedazz.no\\\/\"},{\"@type\":\"ListItem\",\"position\":2,\"name\":\"Dazz\"}]},{\"@type\":\"WebSite\",\"@id\":\"https:\\\/\\\/utedazz.no\\\/#website\",\"url\":\"https:\\\/\\\/utedazz.no\\\/\",\"name\":\"dass\",\"description\":\"En plass med dass\",\"potentialAction\":[{\"@type\":\"SearchAction\",\"target\":{\"@type\":\"EntryPoint\",\"urlTemplate\":\"https:\\\/\\\/utedazz.no\\\/?s={search_term_string}\"},\"query-input\":{\"@type\":\"PropertyValueSpecification\",\"valueRequired\":true,\"valueName\":\"search_term_string\"}}],\"inLanguage\":\"nb-NO\"}]}<\/script>\n<!-- \/ Yoast SEO plugin. -->","yoast_head_json":{"title":"Dazz - dass","description":"Etter vegen oppi lia p\u00e5 en plass, st\u00e5r det en utedass","robots":{"index":"index","follow":"follow","max-snippet":"max-snippet:-1","max-image-preview":"max-image-preview:large","max-video-preview":"max-video-preview:-1"},"canonical":"https:\/\/utedazz.no\/","og_locale":"nb_NO","og_type":"article","og_title":"Dazz - dass","og_description":"Etter vegen oppi lia p\u00e5 en plass, st\u00e5r det en utedass","og_url":"https:\/\/utedazz.no\/","og_site_name":"dass","article_modified_time":"2023-05-04T18:49:32+00:00","twitter_card":"summary_large_image","twitter_misc":{"Ansl. lesetid":"1 minutt"},"schema":{"@context":"https:\/\/schema.org","@graph":[{"@type":"WebPage","@id":"https:\/\/utedazz.no\/","url":"https:\/\/utedazz.no\/","name":"Dazz - dass","isPartOf":{"@id":"https:\/\/utedazz.no\/#website"},"datePublished":"2015-06-09T14:43:10+00:00","dateModified":"2023-05-04T18:49:32+00:00","description":"Etter vegen oppi lia p\u00e5 en plass, st\u00e5r det en utedass","breadcrumb":{"@id":"https:\/\/utedazz.no\/#breadcrumb"},"inLanguage":"nb-NO","potentialAction":[{"@type":"ReadAction","target":["https:\/\/utedazz.no\/"]}]},{"@type":"BreadcrumbList","@id":"https:\/\/utedazz.no\/#breadcrumb","itemListElement":[{"@type":"ListItem","position":1,"name":"Hjem","item":"https:\/\/utedazz.no\/"},{"@type":"ListItem","position":2,"name":"Dazz"}]},{"@type":"WebSite","@id":"https:\/\/utedazz.no\/#website","url":"https:\/\/utedazz.no\/","name":"dass","description":"En plass med dass","potentialAction":[{"@type":"SearchAction","target":{"@type":"EntryPoint","urlTemplate":"https:\/\/utedazz.no\/?s={search_term_string}"},"query-input":{"@type":"PropertyValueSpecification","valueRequired":true,"valueName":"search_term_string"}}],"inLanguage":"nb-NO"}]}},"_links":{"self":[{"href":"https:\/\/utedazz.no\/index.php?rest_route=\/wp\/v2\/pages\/32","targetHints":{"allow":["GET"]}}],"collection":[{"href":"https:\/\/utedazz.no\/index.php?rest_route=\/wp\/v2\/pages"}],"about":[{"href":"https:\/\/utedazz.no\/index.php?rest_route=\/wp\/v2\/types\/page"}],"author":[{"embeddable":true,"href":"https:\/\/utedazz.no\/index.php?rest_route=\/wp\/v2\/users\/1"}],"replies":[{"embeddable":true,"href":"https:\/\/utedazz.no\/index.php?rest_route=%2Fwp%2Fv2%2Fcomments&post=32"}],"version-history":[{"count":49,"href":"https:\/\/utedazz.no\/index.php?rest_route=\/wp\/v2\/pages\/32\/revisions"}],"predecessor-version":[{"id":5248,"href":"https:\/\/utedazz.no\/index.php?rest_route=\/wp\/v2\/pages\/32\/revisions\/5248"}],"wp:attachment":[{"href":"https:\/\/utedazz.no\/index.php?rest_route=%2Fwp%2Fv2%2Fmedia&parent=32"}],"curies":[{"name":"wp","href":"https:\/\/api.w.org\/{rel}","templated":true}]}}